Dec 03 09:33:44.180 INFO testing google-binaryauthorization1_beta1-1.0.8+20181005 against master#8940af3cea4a9a9deabcaf843b2f8cad9a83fc61 for beta-1.31-5
Dec 03 09:33:44.180 INFO running `"docker" "create" "-v" "/mnt/big/crater/work/local/target-dirs/beta-1.31-5/worker-0/master#8940af3cea4a9a9deabcaf843b2f8cad9a83fc61:/target:rw,Z" "-v" "/mnt/big/crater/work/local/test-source/worker-0/beta-1.31-5/master#8940af3cea4a9a9deabcaf843b2f8cad9a83fc61:/source:ro,Z" "-v" "/mnt/big/crater/work/local/cargo-home:/cargo-home:ro,Z" "-v" "/mnt/big/crater/work/local/rustup-home:/rustup-home:ro,Z" "-e" "USER_ID=1000" "-e" "SOURCE_DIR=/source" "-e" "USER_ID=1000" "-e" "CMD=cargo +8940af3cea4a9a9deabcaf843b2f8cad9a83fc61-alt build --frozen" "-e" "CARGO_TARGET_DIR=/target" "-e" "CARGO_INCREMENTAL=0" "-e" "RUST_BACKTRACE=full" "-e" "RUSTFLAGS=--cap-lints=warn" "-e" "CARGO_HOME=/cargo-home" "-e" "RUSTUP_HOME=/rustup-home" "-m" "1536M" "--network" "none" "crater"`
Dec 03 09:33:44.651 INFO [stdout] 83790ea57d329f2cb4f3ba764b5a22ce2806667ddb81b3c828e966a1163a6d54
Dec 03 09:33:44.653 INFO running `"docker" "start" "-a" "83790ea57d329f2cb4f3ba764b5a22ce2806667ddb81b3c828e966a1163a6d54"`
Dec 03 09:33:46.127 INFO [stderr] usermod: no changes
Dec 03 09:33:46.343 INFO [stderr]    Compiling google-binaryauthorization1_beta1 v1.0.8+20181005 (/source)
Dec 03 09:33:53.155 INFO [stderr]     Finished dev [unoptimized + debuginfo] target(s) in 6.99s
Dec 03 09:33:53.158 INFO [stderr] su: No module specific data is present
Dec 03 09:33:53.917 INFO running `"docker" "inspect" "83790ea57d329f2cb4f3ba764b5a22ce2806667ddb81b3c828e966a1163a6d54"`
Dec 03 09:33:54.227 INFO running `"docker" "rm" "-f" "83790ea57d329f2cb4f3ba764b5a22ce2806667ddb81b3c828e966a1163a6d54"`
Dec 03 09:33:54.458 INFO [stdout] 83790ea57d329f2cb4f3ba764b5a22ce2806667ddb81b3c828e966a1163a6d54
Dec 03 09:33:54.463 INFO running `"docker" "create" "-v" "/mnt/big/crater/work/local/target-dirs/beta-1.31-5/worker-0/master#8940af3cea4a9a9deabcaf843b2f8cad9a83fc61:/target:rw,Z" "-v" "/mnt/big/crater/work/local/test-source/worker-0/beta-1.31-5/master#8940af3cea4a9a9deabcaf843b2f8cad9a83fc61:/source:ro,Z" "-v" "/mnt/big/crater/work/local/cargo-home:/cargo-home:ro,Z" "-v" "/mnt/big/crater/work/local/rustup-home:/rustup-home:ro,Z" "-e" "USER_ID=1000" "-e" "SOURCE_DIR=/source" "-e" "USER_ID=1000" "-e" "CMD=cargo +8940af3cea4a9a9deabcaf843b2f8cad9a83fc61-alt test --frozen --no-run" "-e" "CARGO_TARGET_DIR=/target" "-e" "CARGO_INCREMENTAL=0" "-e" "RUST_BACKTRACE=full" "-e" "RUSTFLAGS=--cap-lints=warn" "-e" "CARGO_HOME=/cargo-home" "-e" "RUSTUP_HOME=/rustup-home" "-m" "1536M" "--network" "none" "crater"`
Dec 03 09:33:54.872 INFO [stdout] 6bd73a91bc68f91f469dd368b4c692c07875da8001ffdd9cf3de8b4f1d5d1a0e
Dec 03 09:33:54.875 INFO running `"docker" "start" "-a" "6bd73a91bc68f91f469dd368b4c692c07875da8001ffdd9cf3de8b4f1d5d1a0e"`
Dec 03 09:33:56.103 INFO [stderr] usermod: no changes
Dec 03 09:33:56.311 INFO [stderr]    Compiling google-binaryauthorization1_beta1 v1.0.8+20181005 (/source)
Dec 03 09:34:02.807 INFO [stderr]     Finished dev [unoptimized + debuginfo] target(s) in 6.65s
Dec 03 09:34:02.819 INFO [stderr] su: No module specific data is present
Dec 03 09:34:04.265 INFO running `"docker" "inspect" "6bd73a91bc68f91f469dd368b4c692c07875da8001ffdd9cf3de8b4f1d5d1a0e"`
Dec 03 09:34:04.655 INFO running `"docker" "rm" "-f" "6bd73a91bc68f91f469dd368b4c692c07875da8001ffdd9cf3de8b4f1d5d1a0e"`
Dec 03 09:34:04.991 INFO [stdout] 6bd73a91bc68f91f469dd368b4c692c07875da8001ffdd9cf3de8b4f1d5d1a0e
Dec 03 09:34:04.999 INFO running `"docker" "create" "-v" "/mnt/big/crater/work/local/target-dirs/beta-1.31-5/worker-0/master#8940af3cea4a9a9deabcaf843b2f8cad9a83fc61:/target:rw,Z" "-v" "/mnt/big/crater/work/local/test-source/worker-0/beta-1.31-5/master#8940af3cea4a9a9deabcaf843b2f8cad9a83fc61:/source:ro,Z" "-v" "/mnt/big/crater/work/local/cargo-home:/cargo-home:ro,Z" "-v" "/mnt/big/crater/work/local/rustup-home:/rustup-home:ro,Z" "-e" "USER_ID=1000" "-e" "SOURCE_DIR=/source" "-e" "USER_ID=1000" "-e" "CMD=cargo +8940af3cea4a9a9deabcaf843b2f8cad9a83fc61-alt test --frozen" "-e" "CARGO_TARGET_DIR=/target" "-e" "CARGO_INCREMENTAL=0" "-e" "RUST_BACKTRACE=full" "-e" "RUSTFLAGS=--cap-lints=warn" "-e" "CARGO_HOME=/cargo-home" "-e" "RUSTUP_HOME=/rustup-home" "-m" "1536M" "--network" "none" "crater"`
Dec 03 09:34:05.419 INFO [stdout] 0d7d609409c41ddbeb86f7f286691c83d735f1709e1feb7a448ce2e18fca1609
Dec 03 09:34:05.421 INFO running `"docker" "start" "-a" "0d7d609409c41ddbeb86f7f286691c83d735f1709e1feb7a448ce2e18fca1609"`
Dec 03 09:34:06.944 INFO [stderr] usermod: no changes
Dec 03 09:34:07.199 INFO [stderr]     Finished dev [unoptimized + debuginfo] target(s) in 0.23s
Dec 03 09:34:07.228 INFO [stderr]      Running /target/debug/deps/google_binaryauthorization1_beta1-23cfc29ba733b2c9
Dec 03 09:34:07.229 INFO [stdout] 
Dec 03 09:34:07.229 INFO [stdout] running 0 tests
Dec 03 09:34:07.234 INFO [stdout] 
Dec 03 09:34:07.234 INFO [stderr]    Doc-tests google-binaryauthorization1_beta1
Dec 03 09:34:07.234 INFO [stdout] test result: ok. 0 passed; 0 failed; 0 ignored; 0 measured; 0 filtered out
Dec 03 09:34:07.234 INFO [stdout] 
Dec 03 09:34:14.042 INFO [stdout] 
Dec 03 09:34:14.042 INFO [stdout] running 21 tests
Dec 03 09:34:14.119 INFO [stdout] test src/lib.rs -  (line 49) ... ignored
Dec 03 09:34:22.871 INFO [stdout] test src/lib.rs - Empty (line 790) ... FAILED
Dec 03 09:34:22.875 INFO [stdout] test src/lib.rs - Expr (line 474) ... FAILED
Dec 03 09:34:22.908 INFO [stdout] test src/lib.rs - IamPolicy (line 738) ... FAILED
Dec 03 09:34:22.908 INFO [stdout] test src/lib.rs - IamPolicy (line 718) ... FAILED
Dec 03 09:35:10.239 INFO [stdout] test src/lib.rs - ProjectAttestorGetCall (line 2580) ... ok
Dec 03 09:35:11.899 INFO [stdout] test src/lib.rs - BinaryAuthorization (line 267) ... ok
Dec 03 09:35:13.603 INFO [stdout] test src/lib.rs - ProjectAttestorCreateCall (line 1742) ... ok
Dec 03 09:35:14.043 INFO [stdout] test src/lib.rs -  (line 82) ... test src/lib.rs -  (line 82) has been running for over 60 seconds
Dec 03 09:35:14.131 INFO [stdout] test src/lib.rs - ProjectAttestorDeleteCall (line 4195) ... test src/lib.rs - ProjectAttestorDeleteCall (line 4195) has been running for over 60 seconds
Dec 03 09:35:15.447 INFO [stdout] test src/lib.rs -  (line 82) ... ok
Dec 03 09:35:16.223 INFO [stdout] test src/lib.rs - ProjectAttestorDeleteCall (line 4195) ... ok
Dec 03 09:35:21.535 INFO [stdout] test src/lib.rs - ProjectAttestorSetIamPolicyCall (line 3627) ... ok
Dec 03 09:35:22.903 INFO [stdout] test src/lib.rs - ProjectAttestorGetIamPolicyCall (line 3087) ... test src/lib.rs - ProjectAttestorGetIamPolicyCall (line 3087) has been running for over 60 seconds
Dec 03 09:35:22.935 INFO [stdout] test src/lib.rs - ProjectAttestorListCall (line 1176) ... test src/lib.rs - ProjectAttestorListCall (line 1176) has been running for over 60 seconds
Dec 03 09:35:25.019 INFO [stdout] test src/lib.rs - ProjectAttestorListCall (line 1176) ... ok
Dec 03 09:35:25.043 INFO [stdout] test src/lib.rs - ProjectAttestorGetIamPolicyCall (line 3087) ... ok
Dec 03 09:36:05.915 INFO [stdout] test src/lib.rs - ProjectAttestorTestIamPermissionCall (line 2042) ... ok
Dec 03 09:36:11.895 INFO [stdout] test src/lib.rs - ProjectAttestorUpdateCall (line 3911) ... test src/lib.rs - ProjectAttestorUpdateCall (line 3911) has been running for over 60 seconds
Dec 03 09:36:13.091 INFO [stdout] test src/lib.rs - ProjectAttestorUpdateCall (line 3911) ... ok
Dec 03 09:36:13.603 INFO [stdout] test src/lib.rs - ProjectGetPolicyCall (line 2833) ... test src/lib.rs - ProjectGetPolicyCall (line 2833) has been running for over 60 seconds
Dec 03 09:36:14.774 INFO [stdout] test src/lib.rs - ProjectGetPolicyCall (line 2833) ... ok
Dec 03 09:36:14.999 INFO [stdout] test src/lib.rs - ProjectPolicyGetIamPolicyCall (line 2327) ... ok
Dec 03 09:36:15.447 INFO [stdout] test src/lib.rs - ProjectMethods (line 845) ... test src/lib.rs - ProjectMethods (line 845) has been running for over 60 seconds
Dec 03 09:36:17.089 INFO [stdout] test src/lib.rs - ProjectMethods (line 845) ... ok
Dec 03 09:36:18.718 INFO [stdout] test src/lib.rs - ProjectPolicySetIamPolicyCall (line 1456) ... ok
Dec 03 09:36:18.834 INFO [stdout] test src/lib.rs - ProjectUpdatePolicyCall (line 3343) ... ok
Dec 03 09:36:19.135 INFO [stdout] test src/lib.rs - ProjectPolicyTestIamPermissionCall (line 4453) ... ok
Dec 03 09:36:19.136 INFO [stdout] 
Dec 03 09:36:19.136 INFO [stdout] failures:
Dec 03 09:36:19.136 INFO [stdout] 
Dec 03 09:36:19.137 INFO [stdout] ---- src/lib.rs - Empty (line 790) stdout ----
Dec 03 09:36:19.137 INFO [stdout] error: expected one of `!`, `.`, `::`, `;`, `?`, `{`, `}`, or an operator, found `Foo`
Dec 03 09:36:19.137 INFO [stdout]  --> src/lib.rs:791:9
Dec 03 09:36:19.137 INFO [stdout]   |
Dec 03 09:36:19.137 INFO [stdout] 3 | service Foo {
Dec 03 09:36:19.137 INFO [stdout]   |         ^^^ expected one of 8 possible tokens here
Dec 03 09:36:19.137 INFO [stdout] 
Dec 03 09:36:19.137 INFO [stdout] error[E0425]: cannot find value `service` in this scope
Dec 03 09:36:19.137 INFO [stdout]  --> src/lib.rs:791:1
Dec 03 09:36:19.137 INFO [stdout]   |
Dec 03 09:36:19.137 INFO [stdout] 3 | service Foo {
Dec 03 09:36:19.137 INFO [stdout]   | ^^^^^^^ not found in this scope
Dec 03 09:36:19.137 INFO [stdout] 
Dec 03 09:36:19.138 INFO [stdout] thread 'src/lib.rs - Empty (line 790)' panicked at 'couldn't compile the test', librustdoc/test.rs:332:13
Dec 03 09:36:19.138 INFO [stdout] stack backtrace:
Dec 03 09:36:19.138 INFO [stdout]    0:     0x7f5251a9790f - std::sys::unix::backtrace::tracing::imp::unwind_backtrace::h3a8b83e1922cbdde
Dec 03 09:36:19.138 INFO [stdout]                                at libstd/sys/unix/backtrace/tracing/gcc_s.rs:49
Dec 03 09:36:19.138 INFO [stdout]    1:     0x7f5251a7c897 - std::sys_common::backtrace::print::h00d3155a29b4020f
Dec 03 09:36:19.138 INFO [stdout]                                at libstd/sys_common/backtrace.rs:71
Dec 03 09:36:19.138 INFO [stdout]                                at libstd/sys_common/backtrace.rs:59
Dec 03 09:36:19.138 INFO [stdout]    2:     0x7f5251aa2cef - std::panicking::default_hook::{{closure}}::hd7465c742e79e1bb
Dec 03 09:36:19.138 INFO [stdout]                                at libstd/panicking.rs:211
Dec 03 09:36:19.138 INFO [stdout]    3:     0x7f5251aa29ee - std::panicking::default_hook::h9e3966f2aa2a6e12
Dec 03 09:36:19.138 INFO [stdout]                                at libstd/panicking.rs:221
Dec 03 09:36:19.138 INFO [stdout]    4:     0x7f5253c2d951 - rustc::util::common::panic_hook::h27965632b67fe74e
Dec 03 09:36:19.138 INFO [stdout]    5:     0x7f5251aa34e6 - std::panicking::rust_panic_with_hook::h587f091ae747d080
Dec 03 09:36:19.138 INFO [stdout]                                at libstd/panicking.rs:480
Dec 03 09:36:19.138 INFO [stdout]    6:     0x559f64b9fb17 - std::panicking::begin_panic::hcef7ac517f7efe0f
Dec 03 09:36:19.138 INFO [stdout]                                at libstd/panicking.rs:410
Dec 03 09:36:19.138 INFO [stdout]    7:     0x559f64d33cc7 - <rustdoc::test::Collector as rustdoc::test::Tester>::add_test::{{closure}}::{{closure}}::{{closure}}::h1a7d462b7674a13e
Dec 03 09:36:19.138 INFO [stdout]                                at librustdoc/test.rs:332
Dec 03 09:36:19.138 INFO [stdout]                                at librustdoc/test.rs:596
Dec 03 09:36:19.138 INFO [stdout]    8:     0x559f64ce91f8 - <scoped_tls::ScopedKey<T>>::set::h9a299037e2efdd79
Dec 03 09:36:19.138 INFO [stdout]                                at /cargo/registry/src/github.com-1ecc6299db9ec823/scoped-tls-0.1.2/src/lib.rs:155
Dec 03 09:36:19.138 INFO [stdout]                                at libsyntax/lib.rs:106
Dec 03 09:36:19.138 INFO [stdout]                                at /cargo/registry/src/github.com-1ecc6299db9ec823/scoped-tls-0.1.2/src/lib.rs:155
Dec 03 09:36:19.138 INFO [stdout]    9:     0x559f64aed601 - syntax::with_globals::hc9a23e436a64729f
Dec 03 09:36:19.138 INFO [stdout]                                at libsyntax/lib.rs:105
Dec 03 09:36:19.138 INFO [stdout]   10:     0x559f64b9fdbb - std::panicking::try::do_call::hd95e3a92339aa7c0
Dec 03 09:36:19.138 INFO [stdout]                                at librustdoc/test.rs:593
Dec 03 09:36:19.138 INFO [stdout]                                at libstd/panic.rs:313
Dec 03 09:36:19.138 INFO [stdout]                                at libstd/panicking.rs:310
Dec 03 09:36:19.138 INFO [stdout]   11:     0x7f5251ab0cd9 - __rust_maybe_catch_panic
Dec 03 09:36:19.138 INFO [stdout]                                at libpanic_unwind/lib.rs:102
Dec 03 09:36:19.138 INFO [stdout]   12:     0x559f64bc2f49 - rustc_driver::in_named_rustc_thread::h5d5326e5f9843b1f
Dec 03 09:36:19.138 INFO [stdout]                                at libstd/panicking.rs:289
Dec 03 09:36:19.138 INFO [stdout]                                at libstd/panic.rs:392
Dec 03 09:36:19.138 INFO [stdout]                                at librustc_driver/lib.rs:1546
Dec 03 09:36:19.138 INFO [stdout]   13:     0x559f64d01eb0 - <F as alloc::boxed::FnBox<A>>::call_box::h85b70bbf522f8d35
Dec 03 09:36:19.138 INFO [stdout]                                at librustdoc/test.rs:593
Dec 03 09:36:19.138 INFO [stdout]                                at liballoc/boxed.rs:672
Dec 03 09:36:19.138 INFO [stdout]   14:     0x7f5253112022 - <F as alloc::boxed::FnBox<A>>::call_box::h37f4bb882553d58c
Dec 03 09:36:19.138 INFO [stdout]                                at libtest/lib.rs:1461
Dec 03 09:36:19.138 INFO [stdout]                                at liballoc/boxed.rs:672
Dec 03 09:36:19.138 INFO [stdout]   15:     0x7f5251ab0cd9 - __rust_maybe_catch_panic
Dec 03 09:36:19.138 INFO [stdout]                                at libpanic_unwind/lib.rs:102
Dec 03 09:36:19.138 INFO [stdout]   16:     0x7f525313a462 - std::sys_common::backtrace::__rust_begin_short_backtrace::hb8f0d0309526c184
Dec 03 09:36:19.138 INFO [stdout]                                at libstd/panicking.rs:289
Dec 03 09:36:19.138 INFO [stdout]                                at libstd/panic.rs:392
Dec 03 09:36:19.138 INFO [stdout]                                at libtest/lib.rs:1423
Dec 03 09:36:19.138 INFO [stdout]                                at libstd/sys_common/backtrace.rs:136
Dec 03 09:36:19.138 INFO [stdout]   17:     0x7f525313b204 - std::panicking::try::do_call::hc2f7c8b9a348d8db
Dec 03 09:36:19.138 INFO [stdout]                                at libstd/thread/mod.rs:409
Dec 03 09:36:19.138 INFO [stdout]                                at libstd/panic.rs:313
Dec 03 09:36:19.138 INFO [stdout]                                at libstd/panicking.rs:310
Dec 03 09:36:19.138 INFO [stdout]   18:     0x7f5251ab0cd9 - __rust_maybe_catch_panic
Dec 03 09:36:19.138 INFO [stdout]                                at libpanic_unwind/lib.rs:102
Dec 03 09:36:19.138 INFO [stdout]   19:     0x7f525312394c - <F as alloc::boxed::FnBox<A>>::call_box::h6bfded618e480b32
Dec 03 09:36:19.138 INFO [stdout]                                at libstd/panicking.rs:289
Dec 03 09:36:19.138 INFO [stdout]                                at libstd/panic.rs:392
Dec 03 09:36:19.138 INFO [stdout]                                at libstd/thread/mod.rs:408
Dec 03 09:36:19.138 INFO [stdout]                                at liballoc/boxed.rs:672
Dec 03 09:36:19.138 INFO [stdout]   20:     0x7f5251a9dc9d - std::sys_common::thread::start_thread::h4c28257d67cdf9cb
Dec 03 09:36:19.138 INFO [stdout]                                at liballoc/boxed.rs:682
Dec 03 09:36:19.138 INFO [stdout]                                at libstd/sys_common/thread.rs:24
Dec 03 09:36:19.138 INFO [stdout]   21:     0x7f5251a734d5 - std::sys::unix::thread::Thread::new::thread_start::hfecb2e7eff8fd34f
Dec 03 09:36:19.138 INFO [stdout]                                at libstd/sys/unix/thread.rs:90
Dec 03 09:36:19.138 INFO [stdout]   22:     0x7f52515ff6b9 - start_thread
Dec 03 09:36:19.138 INFO [stdout]   23:     0x7f525111f41c - clone
Dec 03 09:36:19.138 INFO [stdout]   24:                0x0 - <unknown>
Dec 03 09:36:19.138 INFO [stdout] query stack during panic:
Dec 03 09:36:19.138 INFO [stdout] end of query stack
Dec 03 09:36:19.138 INFO [stdout] 
Dec 03 09:36:19.138 INFO [stdout] ---- src/lib.rs - Expr (line 474) stdout ----
Dec 03 09:36:19.138 INFO [stdout] error: expected type, found `"User account presence"`
Dec 03 09:36:19.138 INFO [stdout]  --> src/lib.rs:475:8
Dec 03 09:36:19.138 INFO [stdout]   |
Dec 03 09:36:19.138 INFO [stdout] 3 | title: "User account presence"
Dec 03 09:36:19.138 INFO [stdout]   |        ^^^^^^^^^^^^^^^^^^^^^^^ expecting a type here because of type ascription
Dec 03 09:36:19.138 INFO [stdout] 
Dec 03 09:36:19.138 INFO [stdout] thread 'src/lib.rs - Expr (line 474)' panicked at 'couldn't compile the test', librustdoc/test.rs:332:13
Dec 03 09:36:19.138 INFO [stdout] stack backtrace:
Dec 03 09:36:19.138 INFO [stdout]    0:     0x7f5251a9790f - std::sys::unix::backtrace::tracing::imp::unwind_backtrace::h3a8b83e1922cbdde
Dec 03 09:36:19.139 INFO [stdout]                                at libstd/sys/unix/backtrace/tracing/gcc_s.rs:49
Dec 03 09:36:19.139 INFO [stdout]    1:     0x7f5251a7c897 - std::sys_common::backtrace::print::h00d3155a29b4020f
Dec 03 09:36:19.139 INFO [stdout]                                at libstd/sys_common/backtrace.rs:71
Dec 03 09:36:19.139 INFO [stdout]                                at libstd/sys_common/backtrace.rs:59
Dec 03 09:36:19.139 INFO [stdout]    2:     0x7f5251aa2cef - std::panicking::default_hook::{{closure}}::hd7465c742e79e1bb
Dec 03 09:36:19.139 INFO [stdout]                                at libstd/panicking.rs:211
Dec 03 09:36:19.139 INFO [stdout]    3:     0x7f5251aa29ee - std::panicking::default_hook::h9e3966f2aa2a6e12
Dec 03 09:36:19.139 INFO [stdout]                                at libstd/panicking.rs:221
Dec 03 09:36:19.139 INFO [stdout]    4:     0x7f5253c2d951 - rustc::util::common::panic_hook::h27965632b67fe74e
Dec 03 09:36:19.139 INFO [stdout]    5:     0x7f5251aa34e6 - std::panicking::rust_panic_with_hook::h587f091ae747d080
Dec 03 09:36:19.139 INFO [stdout]                                at libstd/panicking.rs:480
Dec 03 09:36:19.139 INFO [stdout]    6:     0x559f64b9fb17 - std::panicking::begin_panic::hcef7ac517f7efe0f
Dec 03 09:36:19.139 INFO [stdout]                                at libstd/panicking.rs:410
Dec 03 09:36:19.139 INFO [stdout]    7:     0x559f64d33cc7 - <rustdoc::test::Collector as rustdoc::test::Tester>::add_test::{{closure}}::{{closure}}::{{closure}}::h1a7d462b7674a13e
Dec 03 09:36:19.139 INFO [stdout]                                at librustdoc/test.rs:332
Dec 03 09:36:19.139 INFO [stdout]                                at librustdoc/test.rs:596
Dec 03 09:36:19.139 INFO [stdout]    8:     0x559f64ce91f8 - <scoped_tls::ScopedKey<T>>::set::h9a299037e2efdd79
Dec 03 09:36:19.139 INFO [stdout]                                at /cargo/registry/src/github.com-1ecc6299db9ec823/scoped-tls-0.1.2/src/lib.rs:155
Dec 03 09:36:19.139 INFO [stdout]                                at libsyntax/lib.rs:106
Dec 03 09:36:19.139 INFO [stdout]                                at /cargo/registry/src/github.com-1ecc6299db9ec823/scoped-tls-0.1.2/src/lib.rs:155
Dec 03 09:36:19.139 INFO [stdout]    9:     0x559f64aed601 - syntax::with_globals::hc9a23e436a64729f
Dec 03 09:36:19.139 INFO [stdout]                                at libsyntax/lib.rs:105
Dec 03 09:36:19.139 INFO [stdout]   10:     0x559f64b9fdbb - std::panicking::try::do_call::hd95e3a92339aa7c0
Dec 03 09:36:19.139 INFO [stdout]                                at librustdoc/test.rs:593
Dec 03 09:36:19.139 INFO [stdout]                                at libstd/panic.rs:313
Dec 03 09:36:19.139 INFO [stdout]                                at libstd/panicking.rs:310
Dec 03 09:36:19.139 INFO [stdout]   11:     0x7f5251ab0cd9 - __rust_maybe_catch_panic
Dec 03 09:36:19.139 INFO [stdout]                                at libpanic_unwind/lib.rs:102
Dec 03 09:36:19.139 INFO [stdout]   12:     0x559f64bc2f49 - rustc_driver::in_named_rustc_thread::h5d5326e5f9843b1f
Dec 03 09:36:19.139 INFO [stdout]                                at libstd/panicking.rs:289
Dec 03 09:36:19.139 INFO [stdout]                                at libstd/panic.rs:392
Dec 03 09:36:19.139 INFO [stdout]                                at librustc_driver/lib.rs:1546
Dec 03 09:36:19.139 INFO [stdout]   13:     0x559f64d01eb0 - <F as alloc::boxed::FnBox<A>>::call_box::h85b70bbf522f8d35
Dec 03 09:36:19.139 INFO [stdout]                                at librustdoc/test.rs:593
Dec 03 09:36:19.139 INFO [stdout]                                at liballoc/boxed.rs:672
Dec 03 09:36:19.139 INFO [stdout]   14:     0x7f5253112022 - <F as alloc::boxed::FnBox<A>>::call_box::h37f4bb882553d58c
Dec 03 09:36:19.139 INFO [stdout]                                at libtest/lib.rs:1461
Dec 03 09:36:19.139 INFO [stdout]                                at liballoc/boxed.rs:672
Dec 03 09:36:19.139 INFO [stdout]   15:     0x7f5251ab0cd9 - __rust_maybe_catch_panic
Dec 03 09:36:19.139 INFO [stdout]                                at libpanic_unwind/lib.rs:102
Dec 03 09:36:19.139 INFO [stdout]   16:     0x7f525313a462 - std::sys_common::backtrace::__rust_begin_short_backtrace::hb8f0d0309526c184
Dec 03 09:36:19.139 INFO [stdout]                                at libstd/panicking.rs:289
Dec 03 09:36:19.139 INFO [stdout]                                at libstd/panic.rs:392
Dec 03 09:36:19.139 INFO [stdout]                                at libtest/lib.rs:1423
Dec 03 09:36:19.139 INFO [stdout]                                at libstd/sys_common/backtrace.rs:136
Dec 03 09:36:19.139 INFO [stdout]   17:     0x7f525313b204 - std::panicking::try::do_call::hc2f7c8b9a348d8db
Dec 03 09:36:19.139 INFO [stdout]                                at libstd/thread/mod.rs:409
Dec 03 09:36:19.139 INFO [stdout]                                at libstd/panic.rs:313
Dec 03 09:36:19.139 INFO [stdout]                                at libstd/panicking.rs:310
Dec 03 09:36:19.139 INFO [stdout]   18:     0x7f5251ab0cd9 - __rust_maybe_catch_panic
Dec 03 09:36:19.139 INFO [stdout]                                at libpanic_unwind/lib.rs:102
Dec 03 09:36:19.139 INFO [stdout]   19:     0x7f525312394c - <F as alloc::boxed::FnBox<A>>::call_box::h6bfded618e480b32
Dec 03 09:36:19.139 INFO [stdout]                                at libstd/panicking.rs:289
Dec 03 09:36:19.139 INFO [stdout]                                at libstd/panic.rs:392
Dec 03 09:36:19.139 INFO [stdout]                                at libstd/thread/mod.rs:408
Dec 03 09:36:19.139 INFO [stdout]                                at liballoc/boxed.rs:672
Dec 03 09:36:19.139 INFO [stdout]   20:     0x7f5251a9dc9d - std::sys_common::thread::start_thread::h4c28257d67cdf9cb
Dec 03 09:36:19.139 INFO [stdout]                                at liballoc/boxed.rs:682
Dec 03 09:36:19.139 INFO [stdout]                                at libstd/sys_common/thread.rs:24
Dec 03 09:36:19.139 INFO [stdout]   21:     0x7f5251a734d5 - std::sys::unix::thread::Thread::new::thread_start::hfecb2e7eff8fd34f
Dec 03 09:36:19.139 INFO [stdout]                                at libstd/sys/unix/thread.rs:90
Dec 03 09:36:19.139 INFO [stdout]   22:     0x7f52515ff6b9 - start_thread
Dec 03 09:36:19.139 INFO [stdout]   23:     0x7f525111f41c - clone
Dec 03 09:36:19.139 INFO [stdout]   24:                0x0 - <unknown>
Dec 03 09:36:19.139 INFO [stdout] query stack during panic:
Dec 03 09:36:19.139 INFO [stdout] end of query stack
Dec 03 09:36:19.139 INFO [stdout] 
Dec 03 09:36:19.139 INFO [stdout] ---- src/lib.rs - IamPolicy (line 738) stdout ----
Dec 03 09:36:19.139 INFO [stdout] error: expected type, found `-`
Dec 03 09:36:19.139 INFO [stdout]  --> src/lib.rs:740:1
Dec 03 09:36:19.139 INFO [stdout]   |
Dec 03 09:36:19.139 INFO [stdout] 3 | bindings:
Dec 03 09:36:19.139 INFO [stdout]   |         - help: try using a semicolon: `;`
Dec 03 09:36:19.139 INFO [stdout] 4 | - members:
Dec 03 09:36:19.139 INFO [stdout]   | ^ expecting a type here because of type ascription
Dec 03 09:36:19.139 INFO [stdout] 
Dec 03 09:36:19.139 INFO [stdout] thread 'src/lib.rs - IamPolicy (line 738)' panicked at 'couldn't compile the test', librustdoc/test.rs:332:13
Dec 03 09:36:19.139 INFO [stdout] stack backtrace:
Dec 03 09:36:19.139 INFO [stdout]    0:     0x7f5251a9790f - std::sys::unix::backtrace::tracing::imp::unwind_backtrace::h3a8b83e1922cbdde
Dec 03 09:36:19.139 INFO [stdout]                                at libstd/sys/unix/backtrace/tracing/gcc_s.rs:49
Dec 03 09:36:19.139 INFO [stdout]    1:     0x7f5251a7c897 - std::sys_common::backtrace::print::h00d3155a29b4020f
Dec 03 09:36:19.139 INFO [stdout]                                at libstd/sys_common/backtrace.rs:71
Dec 03 09:36:19.139 INFO [stdout]                                at libstd/sys_common/backtrace.rs:59
Dec 03 09:36:19.139 INFO [stdout]    2:     0x7f5251aa2cef - std::panicking::default_hook::{{closure}}::hd7465c742e79e1bb
Dec 03 09:36:19.139 INFO [stdout]                                at libstd/panicking.rs:211
Dec 03 09:36:19.139 INFO [stdout]    3:     0x7f5251aa29ee - std::panicking::default_hook::h9e3966f2aa2a6e12
Dec 03 09:36:19.139 INFO [stdout]                                at libstd/panicking.rs:221
Dec 03 09:36:19.140 INFO [stdout]    4:     0x7f5253c2d951 - rustc::util::common::panic_hook::h27965632b67fe74e
Dec 03 09:36:19.140 INFO [stdout]    5:     0x7f5251aa34e6 - std::panicking::rust_panic_with_hook::h587f091ae747d080
Dec 03 09:36:19.140 INFO [stdout]                                at libstd/panicking.rs:480
Dec 03 09:36:19.140 INFO [stdout]    6:     0x559f64b9fb17 - std::panicking::begin_panic::hcef7ac517f7efe0f
Dec 03 09:36:19.140 INFO [stdout]                                at libstd/panicking.rs:410
Dec 03 09:36:19.140 INFO [stdout]    7:     0x559f64d33cc7 - <rustdoc::test::Collector as rustdoc::test::Tester>::add_test::{{closure}}::{{closure}}::{{closure}}::h1a7d462b7674a13e
Dec 03 09:36:19.140 INFO [stdout]                                at librustdoc/test.rs:332
Dec 03 09:36:19.140 INFO [stdout]                                at librustdoc/test.rs:596
Dec 03 09:36:19.140 INFO [stdout]    8:     0x559f64ce91f8 - <scoped_tls::ScopedKey<T>>::set::h9a299037e2efdd79
Dec 03 09:36:19.140 INFO [stdout]                                at /cargo/registry/src/github.com-1ecc6299db9ec823/scoped-tls-0.1.2/src/lib.rs:155
Dec 03 09:36:19.140 INFO [stdout]                                at libsyntax/lib.rs:106
Dec 03 09:36:19.140 INFO [stdout]                                at /cargo/registry/src/github.com-1ecc6299db9ec823/scoped-tls-0.1.2/src/lib.rs:155
Dec 03 09:36:19.140 INFO [stdout]    9:     0x559f64aed601 - syntax::with_globals::hc9a23e436a64729f
Dec 03 09:36:19.140 INFO [stdout]                                at libsyntax/lib.rs:105
Dec 03 09:36:19.140 INFO [stdout]   10:     0x559f64b9fdbb - std::panicking::try::do_call::hd95e3a92339aa7c0
Dec 03 09:36:19.140 INFO [stdout]                                at librustdoc/test.rs:593
Dec 03 09:36:19.140 INFO [stdout]                                at libstd/panic.rs:313
Dec 03 09:36:19.140 INFO [stdout]                                at libstd/panicking.rs:310
Dec 03 09:36:19.140 INFO [stdout]   11:     0x7f5251ab0cd9 - __rust_maybe_catch_panic
Dec 03 09:36:19.140 INFO [stdout]                                at libpanic_unwind/lib.rs:102
Dec 03 09:36:19.140 INFO [stdout]   12:     0x559f64bc2f49 - rustc_driver::in_named_rustc_thread::h5d5326e5f9843b1f
Dec 03 09:36:19.140 INFO [stdout]                                at libstd/panicking.rs:289
Dec 03 09:36:19.140 INFO [stdout]                                at libstd/panic.rs:392
Dec 03 09:36:19.140 INFO [stdout]                                at librustc_driver/lib.rs:1546
Dec 03 09:36:19.140 INFO [stdout]   13:     0x559f64d01eb0 - <F as alloc::boxed::FnBox<A>>::call_box::h85b70bbf522f8d35
Dec 03 09:36:19.140 INFO [stdout]                                at librustdoc/test.rs:593
Dec 03 09:36:19.140 INFO [stdout]                                at liballoc/boxed.rs:672
Dec 03 09:36:19.140 INFO [stdout]   14:     0x7f5253112022 - <F as alloc::boxed::FnBox<A>>::call_box::h37f4bb882553d58c
Dec 03 09:36:19.140 INFO [stdout]                                at libtest/lib.rs:1461
Dec 03 09:36:19.140 INFO [stdout]                                at liballoc/boxed.rs:672
Dec 03 09:36:19.140 INFO [stdout]   15:     0x7f5251ab0cd9 - __rust_maybe_catch_panic
Dec 03 09:36:19.140 INFO [stdout]                                at libpanic_unwind/lib.rs:102
Dec 03 09:36:19.140 INFO [stdout]   16:     0x7f525313a462 - std::sys_common::backtrace::__rust_begin_short_backtrace::hb8f0d0309526c184
Dec 03 09:36:19.140 INFO [stdout]                                at libstd/panicking.rs:289
Dec 03 09:36:19.140 INFO [stdout]                                at libstd/panic.rs:392
Dec 03 09:36:19.140 INFO [stdout]                                at libtest/lib.rs:1423
Dec 03 09:36:19.140 INFO [stdout]                                at libstd/sys_common/backtrace.rs:136
Dec 03 09:36:19.140 INFO [stdout]   17:     0x7f525313b204 - std::panicking::try::do_call::hc2f7c8b9a348d8db
Dec 03 09:36:19.140 INFO [stdout]                                at libstd/thread/mod.rs:409
Dec 03 09:36:19.140 INFO [stdout]                                at libstd/panic.rs:313
Dec 03 09:36:19.140 INFO [stdout]                                at libstd/panicking.rs:310
Dec 03 09:36:19.140 INFO [stdout]   18:     0x7f5251ab0cd9 - __rust_maybe_catch_panic
Dec 03 09:36:19.140 INFO [stdout]                                at libpanic_unwind/lib.rs:102
Dec 03 09:36:19.140 INFO [stdout]   19:     0x7f525312394c - <F as alloc::boxed::FnBox<A>>::call_box::h6bfded618e480b32
Dec 03 09:36:19.140 INFO [stdout]                                at libstd/panicking.rs:289
Dec 03 09:36:19.140 INFO [stdout]                                at libstd/panic.rs:392
Dec 03 09:36:19.140 INFO [stdout]                                at libstd/thread/mod.rs:408
Dec 03 09:36:19.140 INFO [stdout]                                at liballoc/boxed.rs:672
Dec 03 09:36:19.140 INFO [stdout]   20:     0x7f5251a9dc9d - std::sys_common::thread::start_thread::h4c28257d67cdf9cb
Dec 03 09:36:19.140 INFO [stdout]                                at liballoc/boxed.rs:682
Dec 03 09:36:19.140 INFO [stdout]                                at libstd/sys_common/thread.rs:24
Dec 03 09:36:19.140 INFO [stdout]   21:     0x7f5251a734d5 - std::sys::unix::thread::Thread::new::thread_start::hfecb2e7eff8fd34f
Dec 03 09:36:19.140 INFO [stdout]                                at libstd/sys/unix/thread.rs:90
Dec 03 09:36:19.140 INFO [stdout]   22:     0x7f52515ff6b9 - start_thread
Dec 03 09:36:19.140 INFO [stdout]   23:     0x7f525111f41c - clone
Dec 03 09:36:19.140 INFO [stdout]   24:                0x0 - <unknown>
Dec 03 09:36:19.140 INFO [stdout] query stack during panic:
Dec 03 09:36:19.140 INFO [stdout] end of query stack
Dec 03 09:36:19.140 INFO [stdout] 
Dec 03 09:36:19.140 INFO [stdout] ---- src/lib.rs - IamPolicy (line 718) stdout ----
Dec 03 09:36:19.140 INFO [stdout] error: expected type, found `{`
Dec 03 09:36:19.140 INFO [stdout]  --> src/lib.rs:721:5
Dec 03 09:36:19.140 INFO [stdout]   |
Dec 03 09:36:19.140 INFO [stdout] 4 |   "bindings": [
Dec 03 09:36:19.140 INFO [stdout]   |             - help: try using a semicolon: `;`
Dec 03 09:36:19.140 INFO [stdout] 5 |     {
Dec 03 09:36:19.140 INFO [stdout]   |     ^ expecting a type here because of type ascription
Dec 03 09:36:19.140 INFO [stdout] 
Dec 03 09:36:19.140 INFO [stdout] thread 'src/lib.rs - IamPolicy (line 718)' panicked at 'couldn't compile the test', librustdoc/test.rs:332:13
Dec 03 09:36:19.140 INFO [stdout] stack backtrace:
Dec 03 09:36:19.140 INFO [stdout]    0:     0x7f5251a9790f - std::sys::unix::backtrace::tracing::imp::unwind_backtrace::h3a8b83e1922cbdde
Dec 03 09:36:19.140 INFO [stdout]                                at libstd/sys/unix/backtrace/tracing/gcc_s.rs:49
Dec 03 09:36:19.140 INFO [stdout]    1:     0x7f5251a7c897 - std::sys_common::backtrace::print::h00d3155a29b4020f
Dec 03 09:36:19.140 INFO [stdout]                                at libstd/sys_common/backtrace.rs:71
Dec 03 09:36:19.141 INFO [stdout]                                at libstd/sys_common/backtrace.rs:59
Dec 03 09:36:19.141 INFO [stdout]    2:     0x7f5251aa2cef - std::panicking::default_hook::{{closure}}::hd7465c742e79e1bb
Dec 03 09:36:19.141 INFO [stdout]                                at libstd/panicking.rs:211
Dec 03 09:36:19.141 INFO [stdout]    3:     0x7f5251aa29ee - std::panicking::default_hook::h9e3966f2aa2a6e12
Dec 03 09:36:19.141 INFO [stdout]                                at libstd/panicking.rs:221
Dec 03 09:36:19.141 INFO [stdout]    4:     0x7f5253c2d951 - rustc::util::common::panic_hook::h27965632b67fe74e
Dec 03 09:36:19.141 INFO [stdout]    5:     0x7f5251aa34e6 - std::panicking::rust_panic_with_hook::h587f091ae747d080
Dec 03 09:36:19.141 INFO [stdout]                                at libstd/panicking.rs:480
Dec 03 09:36:19.141 INFO [stdout]    6:     0x559f64b9fb17 - std::panicking::begin_panic::hcef7ac517f7efe0f
Dec 03 09:36:19.141 INFO [stdout]                                at libstd/panicking.rs:410
Dec 03 09:36:19.141 INFO [stdout]    7:     0x559f64d33cc7 - <rustdoc::test::Collector as rustdoc::test::Tester>::add_test::{{closure}}::{{closure}}::{{closure}}::h1a7d462b7674a13e
Dec 03 09:36:19.141 INFO [stdout]                                at librustdoc/test.rs:332
Dec 03 09:36:19.141 INFO [stdout]                                at librustdoc/test.rs:596
Dec 03 09:36:19.141 INFO [stdout]    8:     0x559f64ce91f8 - <scoped_tls::ScopedKey<T>>::set::h9a299037e2efdd79
Dec 03 09:36:19.141 INFO [stdout]                                at /cargo/registry/src/github.com-1ecc6299db9ec823/scoped-tls-0.1.2/src/lib.rs:155
Dec 03 09:36:19.141 INFO [stdout]                                at libsyntax/lib.rs:106
Dec 03 09:36:19.141 INFO [stdout]                                at /cargo/registry/src/github.com-1ecc6299db9ec823/scoped-tls-0.1.2/src/lib.rs:155
Dec 03 09:36:19.141 INFO [stdout]    9:     0x559f64aed601 - syntax::with_globals::hc9a23e436a64729f
Dec 03 09:36:19.141 INFO [stdout]                                at libsyntax/lib.rs:105
Dec 03 09:36:19.141 INFO [stdout]   10:     0x559f64b9fdbb - std::panicking::try::do_call::hd95e3a92339aa7c0
Dec 03 09:36:19.141 INFO [stdout]                                at librustdoc/test.rs:593
Dec 03 09:36:19.141 INFO [stdout]                                at libstd/panic.rs:313
Dec 03 09:36:19.141 INFO [stdout]                                at libstd/panicking.rs:310
Dec 03 09:36:19.141 INFO [stdout]   11:     0x7f5251ab0cd9 - __rust_maybe_catch_panic
Dec 03 09:36:19.141 INFO [stdout]                                at libpanic_unwind/lib.rs:102
Dec 03 09:36:19.141 INFO [stdout]   12:     0x559f64bc2f49 - rustc_driver::in_named_rustc_thread::h5d5326e5f9843b1f
Dec 03 09:36:19.141 INFO [stdout]                                at libstd/panicking.rs:289
Dec 03 09:36:19.141 INFO [stdout]                                at libstd/panic.rs:392
Dec 03 09:36:19.141 INFO [stdout]                                at librustc_driver/lib.rs:1546
Dec 03 09:36:19.141 INFO [stdout]   13:     0x559f64d01eb0 - <F as alloc::boxed::FnBox<A>>::call_box::h85b70bbf522f8d35
Dec 03 09:36:19.141 INFO [stdout]                                at librustdoc/test.rs:593
Dec 03 09:36:19.141 INFO [stdout]                                at liballoc/boxed.rs:672
Dec 03 09:36:19.141 INFO [stdout]   14:     0x7f5253112022 - <F as alloc::boxed::FnBox<A>>::call_box::h37f4bb882553d58c
Dec 03 09:36:19.141 INFO [stdout]                                at libtest/lib.rs:1461
Dec 03 09:36:19.141 INFO [stdout]                                at liballoc/boxed.rs:672
Dec 03 09:36:19.141 INFO [stdout]   15:     0x7f5251ab0cd9 - __rust_maybe_catch_panic
Dec 03 09:36:19.141 INFO [stdout]                                at libpanic_unwind/lib.rs:102
Dec 03 09:36:19.141 INFO [stdout]   16:     0x7f525313a462 - std::sys_common::backtrace::__rust_begin_short_backtrace::hb8f0d0309526c184
Dec 03 09:36:19.141 INFO [stdout]                                at libstd/panicking.rs:289
Dec 03 09:36:19.141 INFO [stdout]                                at libstd/panic.rs:392
Dec 03 09:36:19.141 INFO [stdout]                                at libtest/lib.rs:1423
Dec 03 09:36:19.141 INFO [stdout]                                at libstd/sys_common/backtrace.rs:136
Dec 03 09:36:19.141 INFO [stdout]   17:     0x7f525313b204 - std::panicking::try::do_call::hc2f7c8b9a348d8db
Dec 03 09:36:19.141 INFO [stdout]                                at libstd/thread/mod.rs:409
Dec 03 09:36:19.141 INFO [stdout]                                at libstd/panic.rs:313
Dec 03 09:36:19.141 INFO [stdout]                                at libstd/panicking.rs:310
Dec 03 09:36:19.141 INFO [stdout]   18:     0x7f5251ab0cd9 - __rust_maybe_catch_panic
Dec 03 09:36:19.141 INFO [stdout]                                at libpanic_unwind/lib.rs:102
Dec 03 09:36:19.141 INFO [stdout]   19:     0x7f525312394c - <F as alloc::boxed::FnBox<A>>::call_box::h6bfded618e480b32
Dec 03 09:36:19.141 INFO [stdout]                                at libstd/panicking.rs:289
Dec 03 09:36:19.141 INFO [stdout]                                at libstd/panic.rs:392
Dec 03 09:36:19.141 INFO [stdout]                                at libstd/thread/mod.rs:408
Dec 03 09:36:19.141 INFO [stdout]                                at liballoc/boxed.rs:672
Dec 03 09:36:19.141 INFO [stdout]   20:     0x7f5251a9dc9d - std::sys_common::thread::start_thread::h4c28257d67cdf9cb
Dec 03 09:36:19.141 INFO [stdout]                                at liballoc/boxed.rs:682
Dec 03 09:36:19.141 INFO [stdout]                                at libstd/sys_common/thread.rs:24
Dec 03 09:36:19.141 INFO [stdout]   21:     0x7f5251a734d5 - std::sys::unix::thread::Thread::new::thread_start::hfecb2e7eff8fd34f
Dec 03 09:36:19.141 INFO [stdout]                                at libstd/sys/unix/thread.rs:90
Dec 03 09:36:19.141 INFO [stdout]   22:     0x7f52515ff6b9 - start_thread
Dec 03 09:36:19.141 INFO [stdout]   23:     0x7f525111f41c - clone
Dec 03 09:36:19.141 INFO [stdout]   24:                0x0 - <unknown>
Dec 03 09:36:19.141 INFO [stdout] query stack during panic:
Dec 03 09:36:19.141 INFO [stdout] end of query stack
Dec 03 09:36:19.141 INFO [stdout] 
Dec 03 09:36:19.147 INFO [stdout] 
Dec 03 09:36:19.147 INFO [stdout] failures:
Dec 03 09:36:19.147 INFO [stdout]     src/lib.rs - Empty (line 790)
Dec 03 09:36:19.147 INFO [stdout]     src/lib.rs - Expr (line 474)
Dec 03 09:36:19.147 INFO [stdout]     src/lib.rs - IamPolicy (line 718)
Dec 03 09:36:19.147 INFO [stdout]     src/lib.rs - IamPolicy (line 738)
Dec 03 09:36:19.147 INFO [stdout] 
Dec 03 09:36:19.147 INFO [stdout] test result: FAILED. 16 passed; 4 failed; 1 ignored; 0 measured; 0 filtered out
Dec 03 09:36:19.147 INFO [stdout] 
Dec 03 09:36:19.186 INFO [stderr] error: test failed, to rerun pass '--doc'
Dec 03 09:36:19.189 INFO [stderr] su: No module specific data is present
Dec 03 09:36:19.959 INFO running `"docker" "inspect" "0d7d609409c41ddbeb86f7f286691c83d735f1709e1feb7a448ce2e18fca1609"`
Dec 03 09:36:20.241 INFO running `"docker" "rm" "-f" "0d7d609409c41ddbeb86f7f286691c83d735f1709e1feb7a448ce2e18fca1609"`
Dec 03 09:36:20.577 INFO [stdout] 0d7d609409c41ddbeb86f7f286691c83d735f1709e1feb7a448ce2e18fca1609
